digit of t?
2
Let s(v) = -15471*v + 403. What is the thousands digit of s(-1)?
5
Let g be ((-2252)/3 + 4)*-21. Suppose 111*k + g = 121*k. What is the hundreds digit of k?
5
Let m be 563475/20 - 7/(-28). Suppose 0 = -34*i + m + 1542. What is the tens digit of i?
7
Let n(c) be the first derivative of c**3/3 - 7*c**2/2 + 2*c + 32. Let f be n(3). What is the hundreds digit of ((-348)/f)/((-18)/(-120) + 0)?
2
Let p be ((-11538)/(-16))/1 - 4/32. Suppose -p = -k - 2*s + 653, -5*k + 6843 = s. What is the tens digit of k?
6
Let p be -153 + 24/20*5. Let q = 497 + p. What is the tens digit of q?
5
Suppose 54*g - 52*g = 77206. What is the units digit of g?
3
Suppose -5*u + 15943 = x, 3*u - u - 4*x = 6364. What is the hundreds digit of u?
1
Suppose 4*o + 2*c + 7210 = 0, -2*o + 7*c - 5*c - 3620 = 0. Let r = o - -2614. What is the units digit of r?
9
Suppose 4*i + 21872 - 80308 = -a, 3*i + 2*a = 43837. What is the tens digit of i?
0
What is the units digit of ((-197)/788)/(2/(-28456))?
7
Suppose -24*t + 19*t + 5*n = -11515, -5*t = 5*n - 11525. What is the units digit of t?
4
Let l = -4292 - -7118. What is the units digit of l?
6
Let d(o) = -7 - 10 - 12 - 3*o**2 + 21. Let i be d(6). Let q = 143 + i. What is the units digit of q?
7
Suppose -191*b + 140822 - 85360 = -1420013. What is the hundreds digit of b?
7
Let v(f) = 3*f**2 + 7*f - 3. Let a be v(-3). What is the hundreds digit of (-3)/(-12) - (12015/(-12))/a?
3
Let d be 308/10 + (-52)/65. What is the hundreds digit of (475/2)/(15/d)?
4
Suppose 0 = -2*o + 8*o. Suppose -4341 = -5*i + 2*a + 604, o = a. Suppose i = 10*u - 221. What is the hundreds digit of u?
1
Let u(a) = -9*a**2 + 3*a + 1. Let r(s) = -8*s**2 + 4*s + 1. Let p = -13 + 8. Let b(f) = p*u(f) + 4*r(f). What is the hundreds digit of b(3)?
1
Suppose 18 + 61 = -5*o + 3*n, 0 = 2*o + 2*n + 22. Let u = o + 16. What is the tens digit of 244/8 - (u - 4/8)?
2
Suppose 4*c - 10*p + 5*p - 58584 = 0, 2*c - 29322 = -5*p. What is the thousands digit of c?
4
Suppose 703120 = 63*y + 17*y. What is the hundreds digit of y?
7
Let u = 166 - 164. Suppose i - 539 = -p + u, 0 = 3*p + 15. What is the hundreds digit of i?
5
Suppose 32 = -46*c + 50*c. Suppose c*w = 2496 + 4024. What is the hundreds digit of w?
8
Let d = -147 - -192. Let h be 0/d - (-1 - -21 - -1). Let y = h + 56. What is the units digit of y?
5
Suppose 273 = f - 3*i, -f + 265 = 5*i - 0*i. Let m = f - -96. What is the tens digit of m?
6
Suppose 2238*u = 2224*u + 90524. What is the hundreds digit of u?
4
Let l(r) = 7*r**2 + r - 4. Suppose u - 4*s + 10 = 0, -s = 3*u - 8*u + 7. Suppose -3*g = -7*m + 2*m + 20, u*m - 4*g = 8. What is the hundreds digit of l(m)?
1
Suppose -5*x - 20 = -h, 5*x = 4*h - 2*h - 30. What is the units digit of 2926/h - (-18)/45?
3
Let u(r) = 33*r - 22. Let o = 89 + -75. What is the hundreds digit of u(o)?
4
Let r = 125 - 195. What is the tens digit of (r/30)/(1/(-117))?
7
Let y be (-9641)/(-6) - 20/(-120). Suppose 5*c + 2*t - 4990 = -y, 3*t + 3388 = 5*c. What is the units digit of c?
7
Suppose 3*a - 10722 = 4*c, 0 = 2*a + 689*c - 691*c - 7152. What is the hundreds digit of a?
5
Let r(p) be the first derivative of p**3/3 + 21*p - 12. Suppose -h - 4*o - 16 = 0, 2*h + h - 2*o = -20. What is the tens digit of r(h)?
8
Suppose 2*j + a = 19, 2*j = -5*a + 7*a + 10. Suppose 1658 = j*b + 18. What is the tens digit of b?
0
Suppose 1344 + 7147 = 2*v + 5*z - 4443, 0 = -2*z. What is the hundreds digit of v?
4
Suppose -5*z + 58 = 38. Suppose -z*g - y = -14, 4*y - 8 = -0. What is the units digit of ((-21)/(-6) - g)/((-7)/(-2814))?
1
Suppose 4 = f + i, 12 = 2*f - i - i. Let x be 12*(48/9 - f). What is the tens digit of x/(-6) - (-2548)/42?
6
Let q(k) = 2*k**2 - 3*k + 12. Let c be q(10). Suppose -3*w - c = -11. Let p = w - -332. What is the units digit of p?
5
Let w be 10/(200/(-15))*8. What is the tens digit of 10045/21 + 5 - 4/w?
8
Suppose 5*h - 9*h + 26 = -g, -g + 16 = 2*h. Suppose -10*u = -2*d - h*u + 257, -4*d - 5*u = -525. What is the tens digit of d?
3
Let a(d) = -d**3 + 6*d**2 + 11*d - 4. Let q be a(7). What is the hundreds digit of q + -25 + (1 - -389)?
3
Let p be 2826/24*(0 - -2)*-2. Let o = p + 755. What is the hundreds digit of o?
2
Suppose -5*c - 15 = 0, 0*c - 147 = -5*o - c. Suppose 0 = o*q - 8*q - 18370. What is the units digit of q?
5
Let p(s) = -65*s - 63. Let b be p(-7). Let w = 120 + b. What is the units digit of w?
2
Suppose 210 = b - 5*v, -23*v + 22*v = 0. What is the hundreds digit of ((-2300)/250)/((-4)/b)?
4
Suppose 0 = -2*y + 43*m - 40*m + 35672, -3*y - m = -53486. What is the thousands digit of y?
7
Suppose 2*p + 3*a = -235, -3*p - a + 0*a = 356. Let x(k) = 28*k**3 - 2*k**2 + k + 1. Let n be x(1). Let l = n - p. What is the tens digit of l?
4
Let c(z) = 41*z**2 - 8*z - 17. Let s be c(7). Suppose -113*l = -114*l. Suppose l = -4*r - 7*r + s. What is the units digit of r?
6
What is the ten thousands digit of (-3970 - -1)*(4 - (-88)/(-12))?
1
Suppose 24 = -6*d + 14*d. Suppose b = 6*b - y - 2045, -4*y - 1210 = -d*b. What is the hundreds digit of b?
4
Let w(m) = -m + 25. Let f be w(5). Let l = 20 - f. Suppose 5*c + 4*s - 711 = l, 4*c + 3*s + 20 = 588. What is the hundreds digit of c?
1
Suppose 5*p - 3*w - 6691 = 0, -22*w = -p - 23*w + 1335. What is the hundreds digit of p?
3
Suppose -3*u + 40088 - 2259 + 4504 = 0. What is the tens digit of u?
1
Let d = 24560 + -11071. What is the thousands digit of d?
3
Let x(n) = n**3 + 21*n**2 + 15*n - 93. Let u be x(-20). Suppose u*l - 589 - 1042 = 0. What is the units digit of l?
3
Let b(m) = 5190*m**2 + 598*m - 1795. What is the ten thousands digit of b(3)?
4
Let c(u) = 23*u**3 + 4*u**2 - 6*u + 7. Let o be c(3). Let s = -133 - -133. Suppose -5*v + o = -b + 4*b, b - v - 210 = s. What is the units digit of b?
2
What is the units digit of (5075/14 - 3) + (15/6 - 3)?
9
Let d(b) = -2*b**2 + 1 - 14*b**2 + b**3 + 5. Let s be d(16). Suppose -3*r + 15 = -s. What is the units digit of r?
7
Let o(q) = -110*q - 15. Let c be o(-4). Let u = c + -243. Let r = u - 74. What is the hundreds digit of r?
1
What is the thousands digit of 5/25*113662 + 1 + (-35)/25?
2
Suppose 0 = -5*g - 3*t - 1, 0 = 3*g + 5*t - 9. What is the tens digit of (3 - -105) + (-3 - g)?
0
Suppose -3446 = -5*b + 26164. What is the tens digit of b?
2
Let o(d) = -8*d**3 - 8*d**2 - 10*d - 3. Let n(a) = 11*a**3 + 7*a**2 + 9*a + 5. Let i(l) = 3*n(l) + 4*o(l). What is the hundreds digit of i(16)?
0
Suppose -21*l = 8*l - 290. Suppose 5*a - 15 = 0, h + 13*a - l*a = 1382. What is the hundreds digit of h?
3
Suppose 3*w + 14*i = 9*i + 8233, 2*i = 3*w - 8240. What is the units digit of w?
6
Let f(a) = -a**3 + 11*a**2 - 3*a - 12. Suppose -5*j + 9 = 2*g, j + 2*g - 2 = 3*j. Let w be (-28)/(-14) + 3/j. What is the units digit of f(w)?
3
Suppose 0 = 907*n - 933*n + 2154 + 19270. What is the tens digit of n?
2
Suppose o - 20744 = -c, c = -9*o - 3*c + 186701. What is the thousands digit of o?
0
What is the units digit of 1/(-16) + 6527976/1664?
3
Let l(n) = 3*n**2 - 22*n - 36. Let g be l(9). Suppose 2*f + 4*r - 117 = -3*f, -114 = -5*f - 3*r. Let j = g + f. What is the units digit of j?
0
Suppose 0 = -3*d + 5*r + 2074, -2181 = 6*d - 5*r - 6349. Let u = d + -468. What is the tens digit of u?
3
Let i = -27920 - -39166. What is the ten thousands digit of i?
1
Let w(i) = 5*i**2 - 6*i + 1. Let v be w(2). Let n(j) = 21*j + 109. What is the tens digit of n(v)?
9
Let s(a) be the first derivative of -a**4/2 - 50*a**3/3 + 37*a**2/2 + 17*a - 41. What is the tens digit of s(-26)?
0
Suppose 5*n = 0, 0*n = 4*f + 2*n - 20. Suppose t - 3*z = -4*t + 21, 9 = 4*t - f*z. What is the hundreds digit of ((-352)/(-10))/(t/30)?
1
What is the tens digit of 42*(-4)/32*(-57528)/27?
8
Suppose 5*w + 0*w - 20 = 0. Suppose -5*b = 24 - w. Let i(o) = -3*o**3 - 6*o**2 - 2*o + 1. What is the units digit of i(b)?
5
Suppose -179 + 474 = -5*f. Let s = f - -207. What is the units digit of s?
8
Let l be (-4)/(-3) + (-54)/(-81). Suppose -l*b = -5*t + 2592, -4*t + 2073 = b - 2*b. What is the tens digit of t?
1
Let b(v) = v**2 - 2*v - 107. Let r be b(14). Suppose 391 = 3*l + r. What is the hundreds digit of l?
1
Let l(a) be the first derivative of a**4/4 - 5*a**3/3 - 7*a**2 + 30*a - 11. What is the tens digit of l(12)?
7
Suppose 9*r = -0*r - 9. Let s be (